git of r?
7
Let g(a) = 2*a**2 - 5*a. Let m be g(4). Suppose -m = -z - 0*z. What is the tens digit of z?
1
Let x be (-6)/30 + 16/5. Let a(j) be the first derivative of j**3 - 2*j**2 + 4*j - 2. What is the units digit of a(x)?
9
Let a = 99 + -36. What is the tens digit of a?
6
Let k(q) = 18*q**2 + 2. What is the units digit of k(-3)?
4
Let j(u) = u**3 + 2*u**2 - 2*u - 2. What is the tens digit of j(4)?
8
Suppose 0 = 2*a - 2*t + 4*t - 174, 2*a - 169 = 3*t. What is the tens digit of a?
8
What is the tens digit of (-123)/(-11) - (-2)/(-11)?
1
Let f = 5 - 19. Let n(z) = -z**2 - 11*z + 5. Let i be n(-9). Let w = f + i. What is the units digit of w?
9
Suppose -4*j + 2*p = -22 - 8, 0 = -3*j - 2*p + 5. Suppose 2*y = -3*q - 0*y - j, 0 = 4*y + 16. Let d(m) = 10*m**2 + m - 1. What is the units digit of d(q)?
0
Let j = 14 + -11. Suppose p = -q + 2*p + 33, -j*q + 119 = p. What is the tens digit of q?
3
Let r(k) = 2*k**2 + 7*k + 7. What is the units digit of r(-3)?
4
Suppose -3*t - 6 = 2*r, -11 = -5*r - t - 0. Let g = 8 + r. What is the units digit of g?
1
Let c = -27 + 111. What is the tens digit of c?
8
Suppose -5*s - 13 = 2*t - 5, -3 = t + 2*s. Suppose 5*c = -2*p + 45 - t, 4*p - 3*c = 36. What is the tens digit of p?
1
Let f(y) = -y**3 - 3*y**2 + 5*y + 3. Let m be f(-4). Suppose -16 = -4*i + 5*q, -2*q = 3*i + 1 + 10. What is the units digit of i/(m*1/5)?
5
Let x(u) = 5*u - 4. Let w be x(4). Suppose 17 = d + 4*a, 5*a + 1 = 5*d + w. What is the units digit of (2/d - 1)/1?
1
Suppose 3*y + 5*d - 14 = 11, -2*y + 20 = 4*d. Suppose y = -5*l + 19 + 36. What is the units digit of l?
1
Suppose 3*h - 87 = -6. What is the units digit of h?
7
Suppose 4*l + 2*d - 2 = 0, -3*d = 3*l + 5 + 1. Suppose -2*a - l*a = -210. Let z = a - 23. What is the units digit of z?
9
Suppose -5*d + g = -g - 185, -3*d + 2*g = -111. What is the units digit of d?
7
Let k(g) = -g**2 + 7*g + 6. What is the units digit of k(5)?
6
Let b be (45/(-6))/((-9)/156). Suppose -5*d - 2*j + 145 = 0, -b = 4*d - 9*d + j. What is the units digit of d?
7
What is the tens digit of 4/16 - 111/(-4)?
2
Let i = 145 + 11. What is the units digit of i?
6
Let k be 174*(-3 + (-6)/(-3)). What is the units digit of k/(-21) - 4/14?
8
Suppose -2*k = -k + 17. Let f = k + 28. What is the units digit of f?
1
Let q = 35 - 21. What is the tens digit of q?
1
Let m(x) = x**2 - 10*x + 14. Let y(q) = q**3 - 9*q**2 + 8*q + 10. Let r be y(8). What is the tens digit of m(r)?
1
Suppose 7 = 2*x - 1. Suppose x*m + 56 - 144 = 0. What is the tens digit of m?
2
Let b = -2 - -2. Suppose y + 46 = n, -y - 46 = -b*n - 5*n. Let r = -33 - y. What is the units digit of r?
3
Let v = 6 + -6. Suppose v = 3*o - 8*o + 5. What is the units digit of o?
1
Suppose -29 = -h + 7. Let p be (-4)/(-14) - h/(-21). What is the tens digit of (49/p)/(-7)*-4?
1
Let j = 10 - 41. Let c = j + 49. Suppose 0 = o - 2*y - c, 6 = 2*o + 2*y - 12. What is the units digit of o?
2
Let k be -2 - (3 - (3 + -2)). Let s(j) be the first derivative of j**4/4 + 5*j**3/3 + 2*j**2 + 2*j - 1. What is the units digit of s(k)?
2
Let u = 159 + -227. What is the units digit of (4/(-8))/(2/u)?
7
Let x(b) = -b**2 - 9*b - 8. Let r be x(-6). Suppose 4*n - 2*d = -0*n + r, -14 = -5*n + d. What is the units digit of n?
3
Let d(a) = 5*a**2 + 7*a - 9. What is the hundreds digit of d(5)?
1
What is the units digit of (-2)/(-4)*-2*-31?
1
Suppose 0 = -3*g + 313 + 221. What is the units digit of g?
8
Suppose 5*t + 6 = 1. Let f(k) = -14*k**3 + k**2 + 2*k + 1. What is the units digit of f(t)?
4
Let h(a) = -a**2 + 5*a - 2. Let z be h(3). Suppose z*b + 4*y = 8, -3*b - 2 = -2*y - 3. What is the units digit of b?
1
Suppose 3*u - 81 = -3. What is the units digit of u?
6
Let n be 8/(-52) - (-602)/26. Let m = n + -9. What is the units digit of m?
4
Let f = 5 - 8. What is the units digit of 2/f*(-54)/4?
9
What is the units digit of (-1680)/(-27) + (-2)/9?
2
Let h = 8 + -5. Let m be 0/((-2 - 1)/h). Suppose -v - 2*s = 0, -5*s - 21 = -v - m*s. What is the units digit of v?
6
Suppose 1 = -q + 4. Let d be 3/(q + (-18)/8). What is the units digit of d/(-8) - (-17)/2?
8
Suppose -5*d - 3*x = -4*x - 287, -67 = -d + 5*x. What is the units digit of d?
7
Let r(l) = -l**3 - 22*l**2 - 30*l - 49. What is the tens digit of r(-21)?
4
Suppose -2*x + 6*r + 62 = 2*r, -2*r - 54 = -2*x. What is the tens digit of x?
2
Let y(q) = -q**3 + 8*q**2 + 9*q + 2. Suppose -3*c = -0*c - 27. Let l be y(c). What is the units digit of ((27*2)/3)/l?
9
Let u(f) = f + 14. Suppose -20 = 4*g + 12. Let r be u(g). Suppose o + 30 = r*o. What is the units digit of o?
6
Suppose 0 = -5*l + 153 - 13. Suppose 4*t - l = 12. Let n = -1 + t. What is the units digit of n?
9
Let q be -4*(6/3)/(-2). Suppose -q*r = n - 34, 4*r - 5 = 2*n + 35. What is the units digit of r?
9
Let b(l) = l**3 - l - 8. What is the units digit of b(4)?
2
Suppose 219 = 7*c - 243. What is the units digit of c?
6
Let g = 4 + -3. Let h = g + 3. Let a = 11 - h. What is the units digit of a?
7
Suppose -2*u = -t - 5, 0 = -5*u + t - 3*t + 26. Suppose r - 15 = -u*r. What is the units digit of r?
3
Suppose x = -i - x + 7, 0 = 5*x + 5. What is the units digit of i?
9
Suppose k - 156 + 551 = 3*i, 411 = 3*i + 3*k. What is the units digit of i?
3
Suppose 3 = h + 4*g - 0*g, 4*h - 12 = 4*g. Let a = h - 2. What is the units digit of a?
1
Let i(z) = -z + 22. What is the units digit of i(-15)?
7
Let y be -9*((-7)/3 - -2). Suppose -10 = -y*q + 2. Suppose -4*c = 2*o - 58, -c + 0*c = -q*o - 19. What is the tens digit of c?
1
Let i be (-4)/18 + (-152)/(-36). Let q = -6 + i. What is the tens digit of (1/q)/((-3)/72)?
1
Let l(r) = -r**3 + 16*r**2 - 19*r + 7. What is the tens digit of l(14)?
3
Suppose 3*y + 8 + 3 = -4*g, 4*g + 32 = 4*y. Suppose 4*z = -2*a - 5 + 205, -z + y*a = -43. What is the tens digit of z?
4
Let y = -37 + 93. What is the units digit of y?
6
Let s(d) = 10*d**3 - d**2 + 3*d - 2. What is the tens digit of s(3)?
6
Let o be 0/(-4 + (-6)/(-3)). Let q = 12 - o. What is the units digit of q?
2
Suppose -4*p - 3*x = 22, 4*p = -3*x + x - 20. Let m = p - -8. What is the units digit of m?
4
Suppose 20 = 5*x - 0. Suppose -x*i + 15 = -i. Suppose 4*b - i = 7. What is the units digit of b?
3
Suppose 3*x + 3*l = -9, -l = 2*x - 5*l - 24. Suppose x*r = -0*r + 4. What is the units digit of r?
2
Suppose -5*d - 13 = 17. Let m be (-150)/(-40) + (-2)/(-8). What is the units digit of d/m*42/(-9)?
7
Let s be (-1 - 2)/(9/6). Let m be s - (-4 + 3/(-3)). Suppose m*o - 21 = 9. What is the units digit of o?
0
Let i be (-2)/5 + (-6)/(-15). Let y(d) = -5*d - 5. Let w be y(-2). Suppose -2*m + w*z + 45 = i, 3*z + 14 = -1. What is the tens digit of m?
1
Suppose -6*f + 325 = 103. What is the units digit of f?
7
Let t = 4 + 1. Suppose -3*b - f + t*f = -85, -5*f = -2*b + 59. What is the tens digit of b?
2
Suppose 10 = -a - 4*a. What is the units digit of 15 - (a + 4) - 3?
0
Let i be (0 + (-1 - 0))*26. Let f = i + 17. What is the units digit of -3*3/f - -7?
8
Let c be ((-34)/(-1))/2 + 0. Suppose -c + 8 = -i. What is the units digit of 2/(((-24)/i)/(-4))?
3
Let q = -8 + 12. Let v be (-4)/18 + 87/27. Suppose -q*j - 19 = -v*p, -3*j - 17 = -6*p + p. What is the units digit of p?
1
Suppose -37 = -5*w + 23. Suppose 3*o - w = a - 4, 4*a = 3*o - 14. Suppose -z + 2 = -o. What is the units digit of z?
4
Let k = -24 - -21. What is the units digit of -2 - k - 1 - -18?
8
Suppose -4*y + 10*y = 48. What is the units digit of y?
8
Suppose w = 2*w - 27. What is the tens digit of w?
2
What is the tens digit of (0 + 0)/(1 + -3) + 75?
7
What is the units digit of 154/35 - (-6)/(-15)?
4
Let y be (-43)/(-2) - (-3)/(-2). Suppose -4*i + y = -2*i. Let k = i - 7. What is the units digit of k?
3
Suppose 3*h + 0 + 9 = -3*j, 0 = -4*h - 5*j - 15. Suppose h*o + 2*o = 34. What is the units digit of o?
7
Suppose 2*h + 4*w - 10 = 0, 5*w = -7*h + 3*h + 14. Let y = h + -3. What is the units digit of (2 - 3) + y + 21?
8
Let n(o) = -o**2 + 6*o + 7. Let b be n(7). Suppose b = -0*l - 3*l + 21. What is the units digit of l?
7
What is the tens digit of (8/(-12))/(608/(-300) - -2)?
2
Suppose 4*o = 7 + 1. Suppose -f - o*f = 39. Let n = f + 25. What is the units digit of n?
2
Let b(g) = g**2 - 4*g - 4. Let v be b(6). Let a = 22 - v. Suppose 2*h + a = 4*h. What is the units dig